24 + 75 = 3*t, -2*t + x + 34 = 0. Calculate the greatest common divisor of 32 and t.
1
Let a = -2826 + 2947. Calculate the highest common divisor of a and 297.
11
Suppose 0 = c - 2*k - 11, k - 1 = -4*c + 25. Let n be ((-3)/16)/((-12)/(-16)*-1)*140. Calculate the greatest common factor of c and n.
7
Let o = -632 + 649. Let s = 370 - 115. Calculate the greatest common factor of o and s.
17
Suppose 0 = -18*v + 36 - 0. Let j be -1*(-93 - (-4)/v). Calculate the highest common divisor of 56 and j.
7
Let v be ((-56)/(-10))/((-2)/(-10)). Suppose 52 = 3*m - 2*g, 2*g - 27 = -3*m + 41. Suppose m = 4*r - 64. What is the greatest common divisor of v and r?
7
Suppose 18*g + 17 - 71 = 0. Suppose 19 = 4*h + 2*x + 3*x, -4*h + g*x - 5 = 0. Let u be 2296/140 + (h - 14/10). Calculate the greatest common factor of u and 32.
16
Let z(u) = 26 - 78*u + 159*u - 80*u. Let y be z(13). What is the greatest common factor of 13 and y?
13
Suppose v - 122 = 3*k - 174, -4*k = 3*v - 52. Calculate the highest common factor of 632 and k.
8
Let z = 655 - 608. Suppose 0*k + 70 = 5*k. Let h = z - k. What is the greatest common factor of h and 264?
33
Suppose 2*g = 2, q + 6 = -9*g + 24. Calculate the highest common divisor of 33597 and q.
9
Let q = -2124 + 2244. Calculate the highest common factor of q and 1140.
60
Suppose 0 = 5*h - 0*h - 0*h. Suppose 3*z = -h*z + 12. Suppose z*j - 4 = 2*f - 0*f, -4*j = -8. Calculate the highest common factor of f and 22.
2
Suppose v + 36 = -5*p + 52, -5*v = -4*p + 7. Calculate the greatest common divisor of p and 15.
3
Suppose 8*s - 7*s + 5*q - 11301 = 0, 3*s + 3*q - 33795 = 0. What is the highest common factor of s and 504?
168
Suppose 3*z = 4*x + 288, -10 = -3*x - 1. Let m = z - -60. Calculate the greatest common factor of m and 30.
10
Let i = 228 - 212. Let m = 102 - 58. Let a = m + i. What is the greatest common divisor of 12 and a?
12
Let s be (8/((-96)/27))/(2/208). Let p be (1/(-5) + -1)/(s/585). Suppose -i + 81 = 2*i. Calculate the greatest common factor of i and p.
3
Let z = 3415 - 3364. Calculate the highest common divisor of z and 3417.
51
Suppose -5*h = -221 - 169. Let n(p) = -14*p**2 + p - 13*p**2 + 26*p**2 - 6*p + 42. Let t be n(-9). What is the highest common factor of h and t?
6
Let d(n) = -22*n - 5. Let i be d(5). Let b = i + 211. Suppose -3*p + a + 4*a + 41 = 0, -p - 5*a + 7 = 0. Calculate the greatest common divisor of p and b.
12
Let q = 2641 - 1767. Suppose 13*o = -10*o + q. Calculate the highest common divisor of 133 and o.
19
Let v(j) = 13*j**2 + 260*j - 1078. Let x be v(4). Calculate the greatest common divisor of 8755 and x.
85
Let b(l) = l**3 - 22*l**2 + 15*l + 174. Let x be b(21). What is the highest common factor of x and 5352?
24
Let h(c) = 1533*c + 1560. Let f be h(-1). Calculate the greatest common factor of f and 17217.
9
Let w = -1223 + 2498. What is the greatest common factor of w and 225?
75
Suppose -s = 2*m - 100333, -3*s - 54134 = -m - 3964. What is the highest common divisor of 221 and m?
221
Suppose -3*z - 2*t + 1073 = 0, 4*z = -114*t + 113*t + 1444. What is the greatest common factor of 8107 and z?
121
Let o = -6045 + 6304. What is the greatest common factor of o and 999?
37
Let t(l) = 3*l**3 + 16*l**2 + 3*l - 7. Let o be t(-5). Suppose 2*c - 283 = -3*u, 5*c = -0*u + o*u + 697. What is the greatest common factor of 84 and c?
28
Let k be -3*25/15 + 3. Let b(j) = 6*j**2 + 9*j + 9. Let o be b(k). Let h be (-2)/4 - (-39)/6. What is the highest common divisor of o and h?
3
Suppose 35 - 47 = -3*m. Suppose -2*t + m*a - 2 = t, 4*a - 10 = -t. Calculate the highest common factor of t and 8.
2
Let m be 20*(4 + -14 + 47). What is the greatest common factor of 120 and m?
20
Let j = -197 - -196. Let a be (j - 1 - 2)/(12/(-144)). What is the highest common divisor of a and 112?
16
Suppose -2*q - 116 = -3*w, 0 = 3*w - 8*q + 5*q - 117. Calculate the greatest common factor of w and 57.
19
Let g(q) = -1584 + 1583 + 112*q + 92*q. Let v be g(1). Let x be (1 + -88)*3/(-9). Calculate the greatest common factor of v and x.
29
Suppose 5*g + i = 2764, 4*i + 1088 = -5*g + 7*g. What is the greatest common divisor of g and 168?
24
Let r = 3467 + -586. What is the highest common divisor of r and 43?
43
Suppose -j = -36 - 63. Let y = j - 59. Suppose -2*f = -2*k - y, 2*f + 3*k - 11 = 9. What is the greatest common factor of f and 8?
8
Suppose -12*w + 104 + 161 = -119. Let c be (1 - 3)/1 - -6. Suppose 46 = 5*m + 3*f + 6, 4*m + c*f = w. Calculate the highest common divisor of m and 2.
2
Let n be 2/5 + (-35632)/(-170)*(-1 - -2). Calculate the highest common factor of n and 5250.
210
Suppose 0 = -13*h - 8693 + 217. Let x = 1226 + h. Calculate the highest common divisor of 164 and x.
82
Let w be ((-6)/4)/(1/(-10)). Let x(m) = 6*m + 87. Let n be x(-15). Let d be 40/(-60) - (-1)/n*-407. Calculate the highest common factor of d and w.
15
Let c be 94*((-1700)/(-40) - 17). What is the greatest common divisor of 255 and c?
51
Let u be 264/(-198) - 920/(-6). What is the greatest common divisor of 171 and u?
19
Suppose -4*i + 474 = -2*t - 960, 2*i + 4*t = 722. Let a = -289 + i. What is the highest common factor of a and 70?
70
Let v be 18/(-6*(-4)/64). Let r = -16139 - -16315. Calculate the highest common divisor of r and v.
16
Let v = -618 - -295. Let z = 358 + v. Suppose -249 - 276 = -5*c. Calculate the highest common divisor of z and c.
35
Suppose 3*y - 186 = r, 4*r + 4*y - 2*y + 814 = 0. Let f = 215 + r. What is the greatest common divisor of f and 16?
2
Let z(j) be the third derivative of -25*j**4/24 - 19*j**3/2 - 10*j**2 + 1. Let c be z(-3). What is the greatest common factor of 12 and c?
6
Let c(i) = i**3 - 14*i**2 + 4*i - 11. Let j(h) = 9*h + 50. Let s be j(-4). Let g be c(s). What is the greatest common factor of 72 and g?
9
Let q be (-18)/(-225) + 8/(-100). Let l(t) = 13*t + 39. Let b be l(q). Calculate the highest common divisor of 26 and b.
13
Suppose 0 = 164*c - 62574 - 61246. What is the greatest common factor of c and 25?
5
Suppose 0 = 8*v - 24 - 8. Let c be ((-594)/(-6) - v)*3/15. Calculate the highest common divisor of 209 and c.
19
Let p(l) = 82*l**2 - 1142*l - 3. Let h be p(14). What is the highest common divisor of h and 2079?
27
Let h(c) = -3*c**3 + 47*c**2 - 47*c - 25. Let m be h(14). Calculate the highest common divisor of 209 and m.
11
Let w(g) = -4*g**2 - 8 + 4*g**2 + g - 8 + 3*g + 8*g**2. Let d be w(2). Let q = 42 - -126. What is the highest common divisor of d and q?
24
Let f be (0 - 0) + -2 - -4. Let g(h) = 5*h**2 - 19*h - 11. Let a be g(6). Suppose 39 = -c + a. Calculate the highest common factor of c and f.
2
Let q(x) be the first derivative of x**3/3 - 5*x**2 - 16*x - 66. Let c be q(12). What is the greatest common factor of c and 14?
2
Let d = -35 + 21. Let f = 14 + d. Suppose f = 9*w + 30 - 291. Calculate the highest common divisor of 232 and w.
29
Suppose 43*j + 5 = 55*j - 67. Calculate the greatest common divisor of 1398 and j.
6
Suppose 16*r - 770551 = -23*r - 247444. What is the greatest common divisor of r and 51?
51
Suppose 5*i - 208 = -5*b + 227, -459 = -5*i + 3*b. Suppose -4*j + 4*t + 140 = 0, -5*t = 5*j - 152 - 73. Calculate the highest common factor of i and j.
10
Let d = 919 + -919. Suppose 5*c + h - 1368 + 198 = d, c = 3*h + 250. What is the greatest common factor of 282 and c?
47
Let j = 5697 + -5501. What is the greatest common divisor of 4 and j?
4
Suppose 2*y = 5*x + 5, 6 - 31 = -5*x - 4*y. Let h(z) = -9*z**2 + 442*z + 589. Let m be h(50). What is the highest common factor of x and m?
1
Let u(t) = -3*t + 11. Let p = -2 - -5. Let q be u(p). Suppose 0 = 5*z + q*z - 7. Calculate the greatest common factor of 4 and z.
1
Let x = -90 + 113. Suppose -x*j = -37*j + 3850. Calculate the greatest common factor of j and 100.
25
Let n(y) be the third derivative of y**5/60 + 7*y**4/24 + 11*y**3/6 - 90*y**2. Let z be n(-5). What is the greatest common factor of 23 and z?
1
Let f(j) = 5*j**2 - 5*j - 58. Let r be f(7). Suppose -4*h + h + 57 = 0. What is the greatest common divisor of h and r?
19
Let d(z) be the third derivative of z**5/60 - 7*z**4/6 - 7*z**3 + 74*z**2. Let y be d(30). Calculate the greatest common divisor of y and 18.
18
Let v = -2059 - -2243. What is the highest common factor of 72 and v?
8
Let f be